[INFO] cloning repository https://github.com/xiejianzheng/bitmatch
[INFO] running `Command { std: "git" "-c" "credential.helper=" "-c" "credential.helper=/workspace/cargo-home/bin/git-credential-null" "clone" "--bare" "https://github.com/xiejianzheng/bitmatch" "/workspace/cache/git-repos/https%3A%2F%2Fgithub.com%2Fxiejianzheng%2Fbitmatch", kill_on_drop: false }`
[INFO] [stderr] Cloning into bare repository '/workspace/cache/git-repos/https%3A%2F%2Fgithub.com%2Fxiejianzheng%2Fbitmatch'...
[INFO] running `Command { std: "git" "rev-parse" "HEAD", kill_on_drop: false }`
[INFO] [stdout] b838b59f4565a9bd4d53397a1906314baf7b31ba
[INFO] building xiejianzheng/bitmatch against master#ff34b919075f35a1787659e9c448a34b06bab8de for issue-85264
[INFO] running `Command { std: "git" "clone" "/workspace/cache/git-repos/https%3A%2F%2Fgithub.com%2Fxiejianzheng%2Fbitmatch" "/workspace/builds/worker-7/source", kill_on_drop: false }`
[INFO] [stderr] Cloning into '/workspace/builds/worker-7/source'...
[INFO] [stderr] done.
[INFO] validating manifest of git repo https://github.com/xiejianzheng/bitmatch on toolchain ff34b919075f35a1787659e9c448a34b06bab8de
[INFO] running `Command { std: "/workspace/cargo-home/bin/cargo" "+ff34b919075f35a1787659e9c448a34b06bab8de" "metadata" "--manifest-path" "Cargo.toml" "--no-deps", kill_on_drop: false }`
[INFO] started tweaking git repo https://github.com/xiejianzheng/bitmatch
[INFO] finished tweaking git repo https://github.com/xiejianzheng/bitmatch
[INFO] tweaked toml for git repo https://github.com/xiejianzheng/bitmatch written to /workspace/builds/worker-7/source/Cargo.toml
[INFO] crate git repo https://github.com/xiejianzheng/bitmatch already has a lockfile, it will not be regenerated
[INFO] running `Command { std: "/workspace/cargo-home/bin/cargo" "+ff34b919075f35a1787659e9c448a34b06bab8de" "fetch" "--manifest-path" "Cargo.toml", kill_on_drop: false }`
[INFO] [stderr]     Blocking waiting for file lock on package cache
[INFO] [stderr]     Blocking waiting for file lock on package cache
[INFO] running `Command { std: "docker" "create" "-v" "/var/lib/crater-agent-workspace/builds/worker-7/target:/opt/rustwide/target:rw,Z" "-v" "/var/lib/crater-agent-workspace/builds/worker-7/source:/opt/rustwide/workdir:ro,Z" "-v" "/var/lib/crater-agent-workspace/cargo-home:/opt/rustwide/cargo-home:ro,Z" "-v" "/var/lib/crater-agent-workspace/rustup-home:/opt/rustwide/rustup-home:ro,Z" "-e" "SOURCE_DIR=/opt/rustwide/workdir" "-e" "CARGO_TARGET_DIR=/opt/rustwide/target" "-e" "CARGO_HOME=/opt/rustwide/cargo-home" "-e" "RUSTUP_HOME=/opt/rustwide/rustup-home" "-w" "/opt/rustwide/workdir" "-m" "1610612736" "--user" "0:0" "--network" "none" "ghcr.io/rust-lang/crates-build-env/linux@sha256:20528e8c29e4536546f0102ce88568b16ea7538393a33fcca951030f7af10457" "/opt/rustwide/cargo-home/bin/cargo" "+ff34b919075f35a1787659e9c448a34b06bab8de" "metadata" "--no-deps" "--format-version=1", kill_on_drop: false }`
[INFO] [stdout] c1116eadf4f28bc3a2422762ec13e4d4cb7009a22ecc6611572681e57ae496ca
[INFO] [stderr] WARNING: Your kernel does not support swap limit capabilities or the cgroup is not mounted. Memory limited without swap.
[INFO] running `Command { std: "docker" "start" "-a" "c1116eadf4f28bc3a2422762ec13e4d4cb7009a22ecc6611572681e57ae496ca", kill_on_drop: false }`
[INFO] running `Command { std: "docker" "inspect" "c1116eadf4f28bc3a2422762ec13e4d4cb7009a22ecc6611572681e57ae496ca", kill_on_drop: false }`
[INFO] running `Command { std: "docker" "rm" "-f" "c1116eadf4f28bc3a2422762ec13e4d4cb7009a22ecc6611572681e57ae496ca", kill_on_drop: false }`
[INFO] [stdout] c1116eadf4f28bc3a2422762ec13e4d4cb7009a22ecc6611572681e57ae496ca
[INFO] running `Command { std: "docker" "create" "-v" "/var/lib/crater-agent-workspace/builds/worker-7/target:/opt/rustwide/target:rw,Z" "-v" "/var/lib/crater-agent-workspace/builds/worker-7/source:/opt/rustwide/workdir:ro,Z" "-v" "/var/lib/crater-agent-workspace/cargo-home:/opt/rustwide/cargo-home:ro,Z" "-v" "/var/lib/crater-agent-workspace/rustup-home:/opt/rustwide/rustup-home:ro,Z" "-e" "SOURCE_DIR=/opt/rustwide/workdir" "-e" "CARGO_TARGET_DIR=/opt/rustwide/target" "-e" "CARGO_INCREMENTAL=0" "-e" "RUST_BACKTRACE=full" "-e" "RUSTFLAGS=--cap-lints=forbid" "-e" "CARGO_HOME=/opt/rustwide/cargo-home" "-e" "RUSTUP_HOME=/opt/rustwide/rustup-home" "-w" "/opt/rustwide/workdir" "-m" "1610612736" "--user" "0:0" "--network" "none" "ghcr.io/rust-lang/crates-build-env/linux@sha256:20528e8c29e4536546f0102ce88568b16ea7538393a33fcca951030f7af10457" "/opt/rustwide/cargo-home/bin/cargo" "+ff34b919075f35a1787659e9c448a34b06bab8de" "build" "--frozen" "--message-format=json", kill_on_drop: false }`
[INFO] [stdout] b39bf3437f5438fe919f6a38f1b62a581853bfccb41b6e8a2655eb2ad0e3df1c
[INFO] [stderr] WARNING: Your kernel does not support swap limit capabilities or the cgroup is not mounted. Memory limited without swap.
[INFO] running `Command { std: "docker" "start" "-a" "b39bf3437f5438fe919f6a38f1b62a581853bfccb41b6e8a2655eb2ad0e3df1c", kill_on_drop: false }`
[INFO] [stderr]     Blocking waiting for file lock on package cache
[INFO] [stderr]    Compiling bitmatch v0.1.0 (/opt/rustwide/workdir)
[INFO] [stdout] error: mismatched closing delimiter: `}`
[INFO] [stdout]   --> src/order.rs:87:25
[INFO] [stdout]    |
[INFO] [stdout] 85 |                         Ask => {
[INFO] [stdout]    |                                - closing delimiter possibly meant for this
[INFO] [stdout] 86 |                                 m = self.try_match(order, self.bid_orders
[INFO] [stdout]    |                                                   - unclosed delimiter
[INFO] [stdout] 87 |                         }
[INFO] [stdout]    |                         ^ mismatched closing delimiter
[INFO] [stdout] 
[INFO] [stdout] 
[INFO] [stdout] error: mismatched closing delimiter: `}`
[INFO] [stdout]   --> src/order.rs:91:25
[INFO] [stdout]    |
[INFO] [stdout] 89 |                         Bid => {
[INFO] [stdout]    |                                - closing delimiter possibly meant for this
[INFO] [stdout] 90 |                                 m = self.try_match(order, self.ask_orders.,
[INFO] [stdout]    |                                                   - unclosed delimiter
[INFO] [stdout] 91 |                         }
[INFO] [stdout]    |                         ^ mismatched closing delimiter
[INFO] [stdout] 
[INFO] [stdout] 
[INFO] [stdout] error: unexpected token: `,`
[INFO] [stdout]   --> src/order.rs:90:75
[INFO] [stdout]    |
[INFO] [stdout] 90 | ...                   m = self.try_match(order, self.ask_orders.,
[INFO] [stdout]    |                                                                 ^
[INFO] [stdout] 
[INFO] [stdout] 
[INFO] [stdout] error: unexpected token: `}`
[INFO] [stdout]    --> src/order.rs:114:9
[INFO] [stdout]     |
[INFO] [stdout] 114 |         }
[INFO] [stdout]     |         ^
[INFO] [stdout] 
[INFO] [stdout] 
[INFO] [stdout] error[E0412]: cannot find type `Ordering` in this scope
[INFO] [stdout]   --> src/order.rs:44:40
[INFO] [stdout]    |
[INFO] [stdout] 44 |         fn cmp(&self, other: &Self) -> Ordering {
[INFO] [stdout]    |                                        ^^^^^^^^ not found in this scope
[INFO] [stdout]    |
[INFO] [stdout] help: consider importing one of these items
[INFO] [stdout]    |
[INFO] [stdout] 1  | use core::cmp::Ordering;
[INFO] [stdout]    |
[INFO] [stdout] 1  | use core::sync::atomic::Ordering;
[INFO] [stdout]    |
[INFO] [stdout] 1  | use std::cmp::Ordering;
[INFO] [stdout]    |
[INFO] [stdout] 1  | use std::sync::atomic::Ordering;
[INFO] [stdout]    |
[INFO] [stdout] 
[INFO] [stdout] 
[INFO] [stdout] error[E0412]: cannot find type `Ordering` in this scope
[INFO] [stdout]   --> src/order.rs:50:55
[INFO] [stdout]    |
[INFO] [stdout] 50 |         fn partial_cmp(&self, other: &Self) -> Option<Ordering> {
[INFO] [stdout]    |                                                       ^^^^^^^^ not found in this scope
[INFO] [stdout]    |
[INFO] [stdout] help: consider importing one of these items
[INFO] [stdout]    |
[INFO] [stdout] 1  | use core::cmp::Ordering;
[INFO] [stdout]    |
[INFO] [stdout] 1  | use core::sync::atomic::Ordering;
[INFO] [stdout]    |
[INFO] [stdout] 1  | use std::cmp::Ordering;
[INFO] [stdout]    |
[INFO] [stdout] 1  | use std::sync::atomic::Ordering;
[INFO] [stdout]    |
[INFO] [stdout] 
[INFO] [stdout] 
[INFO] [stdout] error[E0412]: cannot find type `BinaryHeap` in this scope
[INFO] [stdout]   --> src/order.rs:76:19
[INFO] [stdout]    |
[INFO] [stdout] 76 |         bid_heap: BinaryHeap<PriceTime>,
[INFO] [stdout]    |                   ^^^^^^^^^^ not found in this scope
[INFO] [stdout]    |
[INFO] [stdout] help: consider importing this struct
[INFO] [stdout]    |
[INFO] [stdout] 1  | use std::collections::BinaryHeap;
[INFO] [stdout]    |
[INFO] [stdout] 
[INFO] [stdout] 
[INFO] [stdout] error[E0412]: cannot find type `BinaryHeap` in this scope
[INFO] [stdout]   --> src/order.rs:77:19
[INFO] [stdout]    |
[INFO] [stdout] 77 |         ask_heap: BinaryHeap<PriceTime>,
[INFO] [stdout]    |                   ^^^^^^^^^^ not found in this scope
[INFO] [stdout]    |
[INFO] [stdout] help: consider importing this struct
[INFO] [stdout]    |
[INFO] [stdout] 1  | use std::collections::BinaryHeap;
[INFO] [stdout]    |
[INFO] [stdout] 
[INFO] [stdout] 
[INFO] [stdout] warning: unused import: `order::OrderBook`
[INFO] [stdout]  --> src/main.rs:3:5
[INFO] [stdout]   |
[INFO] [stdout] 3 | use order::OrderBook;
[INFO] [stdout]   |     ^^^^^^^^^^^^^^^^
[INFO] [stdout]   |
[INFO] [stdout]   = note: `#[warn(unused_imports)]` on by default
[INFO] [stdout] 
[INFO] [stdout] 
[INFO] [stdout] error[E0277]: can't compare `PriceTime` with `PriceTime`
[INFO] [stdout]    --> src/order.rs:43:6
[INFO] [stdout]     |
[INFO] [stdout] 43  | impl Ord for PriceTime {
[INFO] [stdout]     |      ^^^ no implementation for `PriceTime == PriceTime`
[INFO] [stdout]     |
[INFO] [stdout]     = help: the trait `PartialEq` is not implemented for `PriceTime`
[INFO] [stdout] 
[INFO] [stdout] 
[INFO] [stdout] error[E0277]: can't compare `PriceTime` with `PriceTime`
[INFO] [stdout]    --> src/order.rs:49:6
[INFO] [stdout]     |
[INFO] [stdout] 49  | impl PartialOrd for PriceTime {
[INFO] [stdout]     |      ^^^^^^^^^^ no implementation for `PriceTime == PriceTime`
[INFO] [stdout]     |
[INFO] [stdout]     = help: the trait `PartialEq` is not implemented for `PriceTime`
[INFO] [stdout] 
[INFO] [stdout] 
[INFO] [stdout] error[E0277]: can't compare `PriceTime` with `PriceTime`
[INFO] [stdout]    --> src/order.rs:55:6
[INFO] [stdout]     |
[INFO] [stdout] 55  | impl Eq for PriceTime {
[INFO] [stdout]     |      ^^ no implementation for `PriceTime == PriceTime`
[INFO] [stdout]     |
[INFO] [stdout]     = help: the trait `PartialEq` is not implemented for `PriceTime`
[INFO] [stdout] 
[INFO] [stdout] 
[INFO] [stdout] error: aborting due to 11 previous errors; 1 warning emitted
[INFO] [stdout] 
[INFO] [stdout] 
[INFO] [stdout] Some errors have detailed explanations: E0277, E0412.
[INFO] [stdout] 
[INFO] [stdout] For more information about an error, try `rustc --explain E0277`.
[INFO] [stdout] 
[INFO] [stderr] error: could not compile `bitmatch`
[INFO] [stderr] 
[INFO] [stderr] To learn more, run the command again with --verbose.
[INFO] running `Command { std: "docker" "inspect" "b39bf3437f5438fe919f6a38f1b62a581853bfccb41b6e8a2655eb2ad0e3df1c", kill_on_drop: false }`
[INFO] running `Command { std: "docker" "rm" "-f" "b39bf3437f5438fe919f6a38f1b62a581853bfccb41b6e8a2655eb2ad0e3df1c", kill_on_drop: false }`
[INFO] [stdout] b39bf3437f5438fe919f6a38f1b62a581853bfccb41b6e8a2655eb2ad0e3df1c
